{"id":4097,"date":"2014-12-10T23:15:38","date_gmt":"2014-12-10T22:15:38","guid":{"rendered":"http:\/\/novalmendro.com\/?page_id=4097"},"modified":"2016-02-22T11:16:31","modified_gmt":"2016-02-22T10:16:31","slug":"lauranne-avijor","status":"publish","type":"page","link":"https:\/\/novalmendro.com\/fr\/amandier\/varietes-damandier\/lauranne-avijor\/","title":{"rendered":"Avijor\u00ae"},"content":{"rendered":"<h2><img loading=\"lazy\" decoding=\"async\" class=\"circleimage alignleft wp-image-7865\" style=\"margin-left: 15px; margin-right: 15px;\" src=\"https:\/\/novalmendro.com\/wp-content\/uploads\/\/18_11-150x150.jpg\" alt=\"18_11\" width=\"210\" height=\"210\" srcset=\"https:\/\/novalmendro.com\/wp-content\/uploads\/18_11-150x150.jpg 150w, https:\/\/novalmendro.com\/wp-content\/uploads\/18_11-55x55.jpg 55w, https:\/\/novalmendro.com\/wp-content\/uploads\/18_11.jpg 172w\" sizes=\"auto, (max-width: 210px) 100vw, 210px\" \/>Avijor\u00ae ( Ch. Grasselly dans le INRA de Avignon)<\/h2>\n<p>C\u2019est une vari\u00e9t\u00e9 tr\u00e8s pr\u00e9coce, d\u2019une production tr\u00e8s haute, auto-fertile, de floraison tardive, peu alternante et de r\u00e9colte facile. Tr\u00e8s tol\u00e9rante \u00e0 la maladie de la <em>Tache Rouge<\/em>. Elle pr\u00e9sente une haute r\u00e9sistance aux gel\u00e9es. Bonne qualit\u00e9 de fruit.<\/p>\n<span id=\"g1-space-1\" class=\"g1-space \" style=\"height:60px;\"><\/span>\n<div id=\"g1-tabs-1\" class=\"g1-tabs g1-tabs--simple g1-type--click g1-tabs--horizontal g1-tabs--top g1-align-left \">\n<div id=\"tab-title-counter-1\" class=\"g1-tab-title \">\n<p>Fiche technique<\/p>\n<\/div>\n<div id=\"tab-content-counter-1\" class=\"g1-tab-content \">\n<h3>Caract\u00e9ristiques principales<\/h3>\n<ul class=\"g1-grid\"><li class=\"g1-column g1-two-third g1-valign-top\">\n<table style=\"padding-left: 60px;\" border=\"0\" width=\"100%\">\n<tbody style=\"padding-left: 60px;\">\n<tr style=\"padding-left: 60px;\">\n<td style=\"padding-left: 60px;\" width=\"19%\">Vigueur:<\/td>\n<td style=\"padding-left: 60px;\" width=\"81%\">Haute<\/td>\n<\/tr>\n<tr style=\"padding-left: 60px;\">\n<td style=\"padding-left: 60px;\">Port:<span class=\"Apple-converted-space\"><br \/>\n<\/span><\/td>\n<td style=\"padding-left: 60px;\">\u00c9rig\u00e9<\/td>\n<\/tr>\n<tr style=\"padding-left: 60px;\">\n<td style=\"padding-left: 60px;\">Ramification:<\/td>\n<td style=\"padding-left: 60px;\">Moyenne et de taille facile<\/td>\n<\/tr>\n<tr style=\"padding-left: 60px;\">\n<td style=\"padding-left: 60px;\">Floraison:<\/td>\n<td style=\"padding-left: 60px;\">Tardive (2-3 jours plus tard que Guara)<\/td>\n<\/tr>\n<tr style=\"padding-left: 60px;\">\n<td style=\"padding-left: 60px;\">Maturation:<\/td>\n<td style=\"padding-left: 60px;\">Moyenne (Fin Aout)<\/td>\n<\/tr>\n<tr style=\"padding-left: 60px;\">\n<td style=\"padding-left: 60px;\">Coque:<\/td>\n<td style=\"padding-left: 60px;\">Semi-dure<\/td>\n<\/tr>\n<tr style=\"padding-left: 60px;\">\n<td style=\"padding-left: 60px;\">Rendement:<\/td>\n<td style=\"padding-left: 60px;\">29-35%<\/td>\n<\/tr>\n<tr style=\"padding-left: 60px;\">\n<td style=\"padding-left: 60px;\">Production:<\/td>\n<td style=\"padding-left: 60px;\">Tr\u00e8s haute<\/td>\n<\/tr>\n<tr style=\"padding-left: 60px;\">\n<td style=\"padding-left: 60px;\">Fructification:<\/td>\n<td style=\"padding-left: 60px;\">En \u00ab Bouquets de Mai \u00bb, rameaux mixtes et bois jeune<\/td>\n<\/tr>\n<tr style=\"padding-left: 60px;\">\n<td style=\"padding-left: 60px;\">Tol\u00e9rance:<\/td>\n<td style=\"padding-left: 60px;\">Tr\u00e8s tol\u00e9rante \u00e0 la maladie de la<span class=\"Apple-converted-space\">\u00a0<\/span><em>Tache Rouge<\/em>. Haute r\u00e9sistance aux gel\u00e9es<\/td>\n<\/tr>\n<tr style=\"padding-left: 60px;\">\n<td style=\"padding-left: 60px;\">Susceptibilit\u00e9:<\/td>\n<td style=\"padding-left: 60px;\"><span id=\"result_box\" class=\"short_text\" lang=\"fr\"><span class=\"hps\">Tr\u00e8s sensible \u00e0<\/span> <span class=\"hps\">Fusicoccum<\/span><\/span><\/td>\n<\/tr>\n<\/tbody>\n<\/table>\n<\/li><!-- --><li class=\"g1-column g1-one-third g1-valign-top\">\n<p><img loading=\"lazy\" decoding=\"async\" class=\"estilo-imagen aligncenter wp-image-7869 size-full\" src=\"http:\/\/novalmendro.com\/wp-content\/uploads\/18_12.jpg\" alt=\"18_12\" width=\"191\" height=\"275\" srcset=\"https:\/\/novalmendro.com\/wp-content\/uploads\/18_12.jpg 191w, https:\/\/novalmendro.com\/wp-content\/uploads\/18_12-51x73.jpg 51w\" sizes=\"auto, (max-width: 191px) 100vw, 191px\" \/><br \/>\n<\/li><!-- --><\/ul><\/p>\n<\/div>\n<div id=\"tab-title-counter-2\" class=\"g1-tab-title \">\n<p>Fruit<\/p>\n<\/div>\n<div id=\"tab-content-counter-2\" class=\"g1-tab-content \">\n<h3><span id=\"result_box\" class=\"short_text\" lang=\"fr\"><span class=\"hps\">Caract\u00e9ristiques du fruit<\/span><\/span><\/h3>\n<p><ul class=\"g1-grid\"><li class=\"g1-column g1-one-half g1-valign-top\"><span id=\"g1-space-2\" class=\"g1-space \" style=\"height:20px;\"><\/span><\/p>\n<table style=\"padding-left: 60px;\" border=\"0\" width=\"100%\">\n<tbody style=\"padding-left: 60px;\">\n<tr style=\"padding-left: 60px;\">\n<td style=\"padding-left: 60px;\" width=\"50%\">Forme:<\/td>\n<td style=\"padding-left: 60px;\" width=\"50%\">\u00e9troit et allong\u00e9<\/td>\n<\/tr>\n<tr style=\"padding-left: 60px;\">\n<td style=\"padding-left: 60px;\">Taille:<\/td>\n<td style=\"padding-left: 60px;\">moyen \u00e0 petit<\/td>\n<\/tr>\n<tr style=\"padding-left: 60px;\">\n<td style=\"padding-left: 60px;\">Poids moyen du fruit:<\/td>\n<td style=\"padding-left: 60px;\">0,90 g<\/td>\n<\/tr>\n<tr style=\"padding-left: 60px;\">\n<td style=\"padding-left: 60px;\">Graines doubles:<\/td>\n<td style=\"padding-left: 60px;\">0-2%<\/td>\n<\/tr>\n<tr style=\"padding-left: 60px;\">\n<td style=\"padding-left: 60px;\">Saveur:<\/td>\n<td style=\"padding-left: 60px;\">tr\u00e8s agr\u00e9able<\/td>\n<\/tr>\n<\/tbody>\n<\/table>\n<\/li><!-- --><li class=\"g1-column g1-one-half g1-valign-top\"> <img loading=\"lazy\" decoding=\"async\" class=\"estilo-imagen aligncenter wp-image-3839 size-full\" src=\"http:\/\/novalmendro.com\/wp-content\/uploads\/18_2.jpg\" alt=\"18_2\" width=\"275\" height=\"218\" srcset=\"https:\/\/novalmendro.com\/wp-content\/uploads\/18_2.jpg 275w, https:\/\/novalmendro.com\/wp-content\/uploads\/18_2-55x43.jpg 55w, https:\/\/novalmendro.com\/wp-content\/uploads\/18_2-239x189.jpg 239w\" sizes=\"auto, (max-width: 275px) 100vw, 275px\" \/> <\/li><!-- --><\/ul><\/p>\n<\/div>\n<\/div>\n<div id=\"g1-divider-1\" class=\"g1-divider g1-divider--none g1-divider--noicon \"><\/div>\n<span id=\"g1-space-3\" class=\"g1-space \" style=\"margin-top:-15px;\"><\/span>\n<table border=\"0\" width=\"100%\">\n<tbody>\n<tr>\n<td width=\"128\"><a href=\"http:\/\/novalmendro.com\/fr\/amandier\/varietes-damandier\/lauranne-avijor\/\"><img loading=\"lazy\" decoding=\"async\" class=\"aligncenter wp-image-7838\" src=\"https:\/\/novalmendro.com\/wp-content\/uploads\/\/VariedadesAlmendro_Laurane-150x150.jpg\" alt=\"VariedadesAlmendro_Laurane\" width=\"125\" height=\"125\" srcset=\"https:\/\/novalmendro.com\/wp-content\/uploads\/VariedadesAlmendro_Laurane-150x150.jpg 150w, https:\/\/novalmendro.com\/wp-content\/uploads\/VariedadesAlmendro_Laurane-55x55.jpg 55w, https:\/\/novalmendro.com\/wp-content\/uploads\/VariedadesAlmendro_Laurane-239x239.jpg 239w, https:\/\/novalmendro.com\/wp-content\/uploads\/VariedadesAlmendro_Laurane.jpg 256w\" sizes=\"auto, (max-width: 125px) 100vw, 125px\" \/><\/a><\/td>\n<td width=\"128\"><a href=\"http:\/\/novalmendro.com\/fr\/amandier\/varietes-damandier\/soleta\/\"><img loading=\"lazy\" decoding=\"async\" class=\"aligncenter wp-image-7832\" src=\"https:\/\/novalmendro.com\/wp-content\/uploads\/\/VariedadesAlmendro_Soleta-150x150.jpg\" alt=\"VariedadesAlmendro_Soleta\" width=\"125\" height=\"120\" srcset=\"https:\/\/novalmendro.com\/wp-content\/uploads\/VariedadesAlmendro_Soleta-55x53.jpg 55w, https:\/\/novalmendro.com\/wp-content\/uploads\/VariedadesAlmendro_Soleta-239x230.jpg 239w, https:\/\/novalmendro.com\/wp-content\/uploads\/VariedadesAlmendro_Soleta.jpg 266w\" sizes=\"auto, (max-width: 125px) 100vw, 125px\" \/><\/a><\/td>\n<td width=\"128\"><a href=\"http:\/\/novalmendro.com\/fr\/amandier\/varietes-damandier\/guara\/\"><img loading=\"lazy\" decoding=\"async\" class=\"aligncenter wp-image-7836\" src=\"https:\/\/novalmendro.com\/wp-content\/uploads\/\/VariedadesAlmendro_Guara-150x150.jpg\" alt=\"VariedadesAlmendro_Guara\" width=\"125\" height=\"122\" srcset=\"https:\/\/novalmendro.com\/wp-content\/uploads\/VariedadesAlmendro_Guara-55x55.jpg 55w, https:\/\/novalmendro.com\/wp-content\/uploads\/VariedadesAlmendro_Guara-239x233.jpg 239w, https:\/\/novalmendro.com\/wp-content\/uploads\/VariedadesAlmendro_Guara.jpg 263w\" sizes=\"auto, (max-width: 125px) 100vw, 125px\" \/><\/a><\/td>\n<td width=\"128\"><a href=\"http:\/\/novalmendro.com\/fr\/amandier\/varietes-damandier\/belona\/\"><img loading=\"lazy\" decoding=\"async\" class=\"aligncenter wp-image-7834\" src=\"https:\/\/novalmendro.com\/wp-content\/uploads\/\/VariedadesAlmendro_Belona-150x150.jpg\" alt=\"VariedadesAlmendro_Belona\" width=\"125\" height=\"122\" srcset=\"https:\/\/novalmendro.com\/wp-content\/uploads\/VariedadesAlmendro_Belona-55x55.jpg 55w, https:\/\/novalmendro.com\/wp-content\/uploads\/VariedadesAlmendro_Belona-239x234.jpg 239w, https:\/\/novalmendro.com\/wp-content\/uploads\/VariedadesAlmendro_Belona.jpg 262w\" sizes=\"auto, (max-width: 125px) 100vw, 125px\" \/><\/a><\/td>\n<\/tr>\n<tr>\n<td style=\"text-align: center;\" width=\"128\"><span style=\"color: #ffffff;\"><strong><span style=\"background-color: #000000;\"><a style=\"color: #ffffff;\" title=\"Laurane\u00ae - Todolivo\" href=\"http:\/\/novalmendro.com\/fr\/amandier\/varietes-damandier\/lauranne-avijor\/\">Laurane\u00ae<\/a><\/span><\/strong><\/span><\/td>\n<td style=\"text-align: center;\" width=\"128\"><a title=\"Soleta\u00ae - Todolivo\" href=\"http:\/\/novalmendro.com\/fr\/amandier\/varietes-damandier\/soleta\/\"><strong>Soleta\u00ae<\/strong><\/a><\/td>\n<td style=\"text-align: center;\" width=\"128\"><strong><a title=\"Guara\u00ae - Todolivo\" href=\"http:\/\/novalmendro.com\/fr\/amandier\/varietes-damandier\/guara\/\">Guara\u00ae<\/a><\/strong><\/td>\n<td style=\"text-align: center;\" width=\"128\"><strong><a title=\"Belona\u00ae - Todolivo\" href=\"http:\/\/novalmendro.com\/fr\/amandier\/varietes-damandier\/belona\/\">Belona\u00ae<\/a><\/strong><\/td>\n<\/tr>\n<\/tbody>\n<\/table>\n<div id=\"g1-divider-2\" class=\"g1-divider g1-divider--none g1-divider--noicon \"><\/div>\n","protected":false},"excerpt":{"rendered":"<p>Avijor\u00ae ( Ch. Grasselly dans le INRA de Avignon) C\u2019est une vari\u00e9t\u00e9 tr\u00e8s pr\u00e9coce, d\u2019une production tr\u00e8s haute, auto-fertile, de floraison tardive, peu alternante et de r\u00e9colte facile. Tr\u00e8s tol\u00e9rante \u00e0 la maladie de la Tache Rouge. Elle pr\u00e9sente une haute r\u00e9sistance aux gel\u00e9es. Bonne qualit\u00e9 de fruit. Laurane\u00ae Soleta\u00ae Guara\u00ae Belona\u00ae<\/p>\n","protected":false},"author":1,"featured_media":0,"parent":4086,"menu_order":0,"comment_status":"closed","ping_status":"closed","template":"","meta":{"footnotes":""},"class_list":["post-4097","page","type-page","status-publish"],"_links":{"self":[{"href":"https:\/\/novalmendro.com\/fr\/wp-json\/wp\/v2\/pages\/4097","targetHints":{"allow":["GET"]}}],"collection":[{"href":"https:\/\/novalmendro.com\/fr\/wp-json\/wp\/v2\/pages"}],"about":[{"href":"https:\/\/novalmendro.com\/fr\/wp-json\/wp\/v2\/types\/page"}],"author":[{"embeddable":true,"href":"https:\/\/novalmendro.com\/fr\/wp-json\/wp\/v2\/users\/1"}],"replies":[{"embeddable":true,"href":"https:\/\/novalmendro.com\/fr\/wp-json\/wp\/v2\/comments?post=4097"}],"version-history":[{"count":4,"href":"https:\/\/novalmendro.com\/fr\/wp-json\/wp\/v2\/pages\/4097\/revisions"}],"predecessor-version":[{"id":12432,"href":"https:\/\/novalmendro.com\/fr\/wp-json\/wp\/v2\/pages\/4097\/revisions\/12432"}],"up":[{"embeddable":true,"href":"https:\/\/novalmendro.com\/fr\/wp-json\/wp\/v2\/pages\/4086"}],"wp:attachment":[{"href":"https:\/\/novalmendro.com\/fr\/wp-json\/wp\/v2\/media?parent=4097"}],"curies":[{"name":"wp","href":"https:\/\/api.w.org\/{rel}","templated":true}]}}

<h2><img loading="lazy" decoding="async" class="circleimage alignleft wp-image-7865" style="margin-left: 15px; margin-right: 15px;" src="https://novalmendro.com/wp-content/uploads//18_11-150x150.jpg" alt="18_11" width="210" height="210" srcset="https://novalmendro.com/wp-content/uploads/18_11-150x150.jpg 150w, https://novalmendro.com/wp-content/uploads/18_11-55x55.jpg 55w, https://novalmendro.com/wp-content/uploads/18_11.jpg 172w" sizes="auto, (max-width: 210px) 100vw, 210px" />Avijor® ( Ch. Grasselly dans le INRA de Avignon)</h2>
<p>C’est une variété très précoce, d’une production très haute, auto-fertile, de floraison tardive, peu alternante et de récolte facile. Très tolérante à la maladie de la <em>Tache Rouge</em>. Elle présente une haute résistance aux gelées. Bonne qualité de fruit.</p>
<span id="g1-space-1" class="g1-space " style="height:60px;"></span>
<div id="g1-tabs-1" class="g1-tabs g1-tabs--simple g1-type--click g1-tabs--horizontal g1-tabs--top g1-align-left ">
<div id="tab-title-counter-1" class="g1-tab-title ">
<p>Fiche technique</p>
</div>
<div id="tab-content-counter-1" class="g1-tab-content ">
<h3>Caractéristiques principales</h3>
<ul class="g1-grid"><li class="g1-column g1-two-third g1-valign-top">
<table style="padding-left: 60px;" border="0" width="100%">
<tbody style="padding-left: 60px;">
<tr style="padding-left: 60px;">
<td style="padding-left: 60px;" width="19%">Vigueur:</td>
<td style="padding-left: 60px;" width="81%">Haute</td>
</tr>
<tr style="padding-left: 60px;">
<td style="padding-left: 60px;">Port:<span class="Apple-converted-space"><br />
</span></td>
<td style="padding-left: 60px;">Érigé</td>
</tr>
<tr style="padding-left: 60px;">
<td style="padding-left: 60px;">Ramification:</td>
<td style="padding-left: 60px;">Moyenne et de taille facile</td>
</tr>
<tr style="padding-left: 60px;">
<td style="padding-left: 60px;">Floraison:</td>
<td style="padding-left: 60px;">Tardive (2-3 jours plus tard que Guara)</td>
</tr>
<tr style="padding-left: 60px;">
<td style="padding-left: 60px;">Maturation:</td>
<td style="padding-left: 60px;">Moyenne (Fin Aout)</td>
</tr>
<tr style="padding-left: 60px;">
<td style="padding-left: 60px;">Coque:</td>
<td style="padding-left: 60px;">Semi-dure</td>
</tr>
<tr style="padding-left: 60px;">
<td style="padding-left: 60px;">Rendement:</td>
<td style="padding-left: 60px;">29-35%</td>
</tr>
<tr style="padding-left: 60px;">
<td style="padding-left: 60px;">Production:</td>
<td style="padding-left: 60px;">Très haute</td>
</tr>
<tr style="padding-left: 60px;">
<td style="padding-left: 60px;">Fructification:</td>
<td style="padding-left: 60px;">En « Bouquets de Mai », rameaux mixtes et bois jeune</td>
</tr>
<tr style="padding-left: 60px;">
<td style="padding-left: 60px;">Tolérance:</td>
<td style="padding-left: 60px;">Très tolérante à la maladie de la<span class="Apple-converted-space"> </span><em>Tache Rouge</em>. Haute résistance aux gelées</td>
</tr>
<tr style="padding-left: 60px;">
<td style="padding-left: 60px;">Susceptibilité:</td>
<td style="padding-left: 60px;"><span id="result_box" class="short_text" lang="fr"><span class="hps">Très sensible à</span> <span class="hps">Fusicoccum</span></span></td>
</tr>
</tbody>
</table>
</li><!-- --><li class="g1-column g1-one-third g1-valign-top">
<p><img loading="lazy" decoding="async" class="estilo-imagen aligncenter wp-image-7869 size-full" src="http://novalmendro.com/wp-content/uploads/18_12.jpg" alt="18_12" width="191" height="275" srcset="https://novalmendro.com/wp-content/uploads/18_12.jpg 191w, https://novalmendro.com/wp-content/uploads/18_12-51x73.jpg 51w" sizes="auto, (max-width: 191px) 100vw, 191px" /><br />
</li><!-- --></ul></p>
</div>
<div id="tab-title-counter-2" class="g1-tab-title ">
<p>Fruit</p>
</div>
<div id="tab-content-counter-2" class="g1-tab-content ">
<h3><span id="result_box" class="short_text" lang="fr"><span class="hps">Caractéristiques du fruit</span></span></h3>
<p><ul class="g1-grid"><li class="g1-column g1-one-half g1-valign-top"><span id="g1-space-2" class="g1-space " style="height:20px;"></span></p>
<table style="padding-left: 60px;" border="0" width="100%">
<tbody style="padding-left: 60px;">
<tr style="padding-left: 60px;">
<td style="padding-left: 60px;" width="50%">Forme:</td>
<td style="padding-left: 60px;" width="50%">étroit et allongé</td>
</tr>
<tr style="padding-left: 60px;">
<td style="padding-left: 60px;">Taille:</td>
<td style="padding-left: 60px;">moyen à petit</td>
</tr>
<tr style="padding-left: 60px;">
<td style="padding-left: 60px;">Poids moyen du fruit:</td>
<td style="padding-left: 60px;">0,90 g</td>
</tr>
<tr style="padding-left: 60px;">
<td style="padding-left: 60px;">Graines doubles:</td>
<td style="padding-left: 60px;">0-2%</td>
</tr>
<tr style="padding-left: 60px;">
<td style="padding-left: 60px;">Saveur:</td>
<td style="padding-left: 60px;">très agréable</td>
</tr>
</tbody>
</table>
</li><!-- --><li class="g1-column g1-one-half g1-valign-top"> <img loading="lazy" decoding="async" class="estilo-imagen aligncenter wp-image-3839 size-full" src="http://novalmendro.com/wp-content/uploads/18_2.jpg" alt="18_2" width="275" height="218" srcset="https://novalmendro.com/wp-content/uploads/18_2.jpg 275w, https://novalmendro.com/wp-content/uploads/18_2-55x43.jpg 55w, https://novalmendro.com/wp-content/uploads/18_2-239x189.jpg 239w" sizes="auto, (max-width: 275px) 100vw, 275px" /> </li><!-- --></ul></p>
</div>
</div>
<div id="g1-divider-1" class="g1-divider g1-divider--none g1-divider--noicon "></div>
<span id="g1-space-3" class="g1-space " style="margin-top:-15px;"></span>
<table border="0" width="100%">
<tbody>
<tr>
<td width="128"><a href="http://novalmendro.com/fr/amandier/varietes-damandier/lauranne-avijor/"><img loading="lazy" decoding="async" class="aligncenter wp-image-7838" src="https://novalmendro.com/wp-content/uploads//VariedadesAlmendro_Laurane-150x150.jpg" alt="VariedadesAlmendro_Laurane" width="125" height="125" srcset="https://novalmendro.com/wp-content/uploads/VariedadesAlmendro_Laurane-150x150.jpg 150w, https://novalmendro.com/wp-content/uploads/VariedadesAlmendro_Laurane-55x55.jpg 55w, https://novalmendro.com/wp-content/uploads/VariedadesAlmendro_Laurane-239x239.jpg 239w, https://novalmendro.com/wp-content/uploads/VariedadesAlmendro_Laurane.jpg 256w" sizes="auto, (max-width: 125px) 100vw, 125px" /></a></td>
<td width="128"><a href="http://novalmendro.com/fr/amandier/varietes-damandier/soleta/"><img loading="lazy" decoding="async" class="aligncenter wp-image-7832" src="https://novalmendro.com/wp-content/uploads//VariedadesAlmendro_Soleta-150x150.jpg" alt="VariedadesAlmendro_Soleta" width="125" height="120" srcset="https://novalmendro.com/wp-content/uploads/VariedadesAlmendro_Soleta-55x53.jpg 55w, https://novalmendro.com/wp-content/uploads/VariedadesAlmendro_Soleta-239x230.jpg 239w, https://novalmendro.com/wp-content/uploads/VariedadesAlmendro_Soleta.jpg 266w" sizes="auto, (max-width: 125px) 100vw, 125px" /></a></td>
<td width="128"><a href="http://novalmendro.com/fr/amandier/varietes-damandier/guara/"><img loading="lazy" decoding="async" class="aligncenter wp-image-7836" src="https://novalmendro.com/wp-content/uploads//VariedadesAlmendro_Guara-150x150.jpg" alt="VariedadesAlmendro_Guara" width="125" height="122" srcset="https://novalmendro.com/wp-content/uploads/VariedadesAlmendro_Guara-55x55.jpg 55w, https://novalmendro.com/wp-content/uploads/VariedadesAlmendro_Guara-239x233.jpg 239w, https://novalmendro.com/wp-content/uploads/VariedadesAlmendro_Guara.jpg 263w" sizes="auto, (max-width: 125px) 100vw, 125px" /></a></td>
<td width="128"><a href="http://novalmendro.com/fr/amandier/varietes-damandier/belona/"><img loading="lazy" decoding="async" class="aligncenter wp-image-7834" src="https://novalmendro.com/wp-content/uploads//VariedadesAlmendro_Belona-150x150.jpg" alt="VariedadesAlmendro_Belona" width="125" height="122" srcset="https://novalmendro.com/wp-content/uploads/VariedadesAlmendro_Belona-55x55.jpg 55w, https://novalmendro.com/wp-content/uploads/VariedadesAlmendro_Belona-239x234.jpg 239w, https://novalmendro.com/wp-content/uploads/VariedadesAlmendro_Belona.jpg 262w" sizes="auto, (max-width: 125px) 100vw, 125px" /></a></td>
</tr>
<tr>
<td style="text-align: center;" width="128"><span style="color: #ffffff;"><strong><span style="background-color: #000000;"><a style="color: #ffffff;" title="Laurane® - Todolivo" href="http://novalmendro.com/fr/amandier/varietes-damandier/lauranne-avijor/">Laurane®</a></span></strong></span></td>
<td style="text-align: center;" width="128"><a title="Soleta® - Todolivo" href="http://novalmendro.com/fr/amandier/varietes-damandier/soleta/"><strong>Soleta®</strong></a></td>
<td style="text-align: center;" width="128"><strong><a title="Guara® - Todolivo" href="http://novalmendro.com/fr/amandier/varietes-damandier/guara/">Guara®</a></strong></td>
<td style="text-align: center;" width="128"><strong><a title="Belona® - Todolivo" href="http://novalmendro.com/fr/amandier/varietes-damandier/belona/">Belona®</a></strong></td>
</tr>
</tbody>
</table>
<div id="g1-divider-2" class="g1-divider g1-divider--none g1-divider--noicon "></div>

<p>Avijor® ( Ch. Grasselly dans le INRA de Avignon) C’est une variété très précoce, d’une production très haute, auto-fertile, de floraison tardive, peu alternante et de récolte facile. Très tolérante à la maladie de la Tache Rouge. Elle présente une haute résistance aux gelées. Bonne qualité de fruit. Laurane® Soleta® Guara® Belona®</p>
