{"id":4112,"date":"2014-12-11T00:06:05","date_gmt":"2014-12-10T23:06:05","guid":{"rendered":"http:\/\/novalmendro.com\/?page_id=4112"},"modified":"2019-09-23T15:10:36","modified_gmt":"2019-09-23T13:10:36","slug":"guara","status":"publish","type":"page","link":"https:\/\/novalmendro.com\/fr\/amandier\/varietes-damandier\/guara\/","title":{"rendered":"Guara"},"content":{"rendered":"<h2><img loading=\"lazy\" decoding=\"async\" class=\"circleimage alignleft wp-image-7892\" style=\"margin-left: 15px; margin-right: 15px;\" src=\"https:\/\/novalmendro.com\/wp-content\/uploads\/20_11.jpg\" alt=\"20_11\" width=\"210\" height=\"209\" srcset=\"https:\/\/novalmendro.com\/wp-content\/uploads\/20_11.jpg 175w, https:\/\/novalmendro.com\/wp-content\/uploads\/20_11-150x150.jpg 150w, https:\/\/novalmendro.com\/wp-content\/uploads\/20_11-55x55.jpg 55w\" sizes=\"auto, (max-width: 210px) 100vw, 210px\" \/>Guara\u00ae (Obtenu par le CITA d&rsquo;Aragon)<\/h2>\n<p>C\u2019est une vari\u00e9t\u00e9 tr\u00e8s pr\u00e9matur\u00e9e, auto-fertile, de floraison tardive, maturation pr\u00e9coce et productivit\u00e9 haute-tr\u00e8s haute. Facile de tailler et former. Tr\u00e8s rustique et tr\u00e8s peu bisannuelle. R\u00e9sistance moyenne aux gel\u00e9es. Sensible \u00e0 la maladie de la \u00ab Tache Rouge \u00bb.<\/p>\n<span id=\"g1-space-1\" class=\"g1-space \" style=\"height:60px;\"><\/span>\n<div id=\"g1-tabs-1\" class=\"g1-tabs g1-tabs--simple g1-type--click g1-tabs--horizontal g1-tabs--top g1-align-left \">\n<div id=\"tab-title-counter-1\" class=\"g1-tab-title \">\n<p>Fiche technique<\/p>\n<\/div>\n<div id=\"tab-content-counter-1\" class=\"g1-tab-content \">\n<h3>Caract\u00e9ristiques principales<\/h3>\n<ul class=\"g1-grid\"><li class=\"g1-column g1-two-third g1-valign-top\">\n<table style=\"padding-left: 60px;\" border=\"0\" width=\"100%\">\n<tbody style=\"padding-left: 60px;\">\n<tr style=\"padding-left: 60px;\">\n<td style=\"padding-left: 60px;\" width=\"19%\">Vigueur:<\/td>\n<td style=\"padding-left: 60px;\" width=\"81%\">Moyenne<\/td>\n<\/tr>\n<tr style=\"padding-left: 60px;\">\n<td style=\"padding-left: 60px;\">Port:<\/td>\n<td style=\"padding-left: 60px;\">Tr\u00e8s ouvert<\/td>\n<\/tr>\n<tr style=\"padding-left: 60px;\">\n<td style=\"padding-left: 60px;\">Ramification:<\/td>\n<td style=\"padding-left: 60px;\">Moyenne faible<\/td>\n<\/tr>\n<tr style=\"padding-left: 60px;\">\n<td style=\"padding-left: 60px;\">Floraison:<\/td>\n<td style=\"padding-left: 60px;\">Tardive<\/td>\n<\/tr>\n<tr style=\"padding-left: 60px;\">\n<td style=\"padding-left: 60px;\">Maturation:<\/td>\n<td style=\"padding-left: 60px;\">Pr\u00e9coce (d\u00e9but, mi-aout)<\/td>\n<\/tr>\n<tr style=\"padding-left: 60px;\">\n<td style=\"padding-left: 60px;\">Coque:<\/td>\n<td style=\"padding-left: 60px;\">Dure<\/td>\n<\/tr>\n<tr style=\"padding-left: 60px;\">\n<td style=\"padding-left: 60px;\">Rendement:<\/td>\n<td style=\"padding-left: 60px;\">30-34%<\/td>\n<\/tr>\n<tr style=\"padding-left: 60px;\">\n<td style=\"padding-left: 60px;\">Production:<\/td>\n<td style=\"padding-left: 60px;\">Haute-Tr\u00e8s haute<\/td>\n<\/tr>\n<tr style=\"padding-left: 60px;\">\n<td style=\"padding-left: 60px;\">Fructification:<\/td>\n<td style=\"padding-left: 60px;\">Localis\u00e9e sur le bouton floral, en \u00ab Bouquets de Mai \u00bb, et rameaux anticip\u00e9s<\/td>\n<\/tr>\n<tr style=\"padding-left: 60px;\">\n<td style=\"padding-left: 60px;\">Tol\u00e9rance:<\/td>\n<td style=\"padding-left: 60px;\">moyenne au froid<\/td>\n<\/tr>\n<tr style=\"padding-left: 60px;\">\n<td style=\"padding-left: 60px;\">Susceptibilit\u00e9:<\/td>\n<td style=\"padding-left: 60px;\">Sensible \u00e0 Tache Rouge et Fusicoccum<\/td>\n<\/tr>\n<\/tbody>\n<\/table>\n<\/li><!-- --><li class=\"g1-column g1-one-third g1-valign-top\">\n<p><img loading=\"lazy\" decoding=\"async\" class=\"estilo-imagen alignleft wp-image-7895\" style=\"margin-left: 15px; margin-right: 15px;\" src=\"https:\/\/novalmendro.com\/wp-content\/uploads\/20_12.jpg\" alt=\"20_12\" width=\"188\" height=\"250\" srcset=\"https:\/\/novalmendro.com\/wp-content\/uploads\/20_12.jpg 87w, https:\/\/novalmendro.com\/wp-content\/uploads\/20_12-55x73.jpg 55w\" sizes=\"auto, (max-width: 188px) 100vw, 188px\" \/><br \/>\n<\/li><!-- --><\/ul><\/p>\n<\/div>\n<div id=\"tab-title-counter-2\" class=\"g1-tab-title \">\n<p>Fruit<\/p>\n<\/div>\n<div id=\"tab-content-counter-2\" class=\"g1-tab-content \">\n<h3>Caract\u00e9ristiques du fruit<\/h3>\n<p><ul class=\"g1-grid\"><li class=\"g1-column g1-one-half g1-valign-top\"><span id=\"g1-space-2\" class=\"g1-space \" style=\"height:20px;\"><\/span><\/p>\n<table style=\"padding-left: 60px;\" border=\"0\" width=\"100%\">\n<tbody style=\"padding-left: 60px;\">\n<tr style=\"padding-left: 60px;\">\n<td style=\"padding-left: 60px;\" width=\"50%\">Forme:<\/td>\n<td style=\"padding-left: 60px;\" width=\"50%\">amygdale-c\u0153ur<\/td>\n<\/tr>\n<tr style=\"padding-left: 60px;\">\n<td style=\"padding-left: 60px;\">Taille:<\/td>\n<td style=\"padding-left: 60px;\">moyen \u00e0 petit<\/td>\n<\/tr>\n<tr style=\"padding-left: 60px;\">\n<td style=\"padding-left: 60px;\">Poids moyen du fruit:<\/td>\n<td style=\"padding-left: 60px;\">1,00 g<\/td>\n<\/tr>\n<tr style=\"padding-left: 60px;\">\n<td style=\"padding-left: 60px;\">Graines doubles:<\/td>\n<td style=\"padding-left: 60px;\">10-20%<\/td>\n<\/tr>\n<tr style=\"padding-left: 60px;\">\n<td style=\"padding-left: 60px;\">Saveur:<\/td>\n<td style=\"padding-left: 60px;\">agr\u00e9able<\/td>\n<\/tr>\n<\/tbody>\n<\/table>\n<\/li><!-- --><li class=\"g1-column g1-one-half g1-valign-top\">\n<p><img loading=\"lazy\" decoding=\"async\" class=\"estilo-imagen alignleft wp-image-3880\" style=\"margin-left: 15px; margin-right: 15px;\" src=\"https:\/\/novalmendro.com\/wp-content\/uploads\/20_2.png\" alt=\"20_2\" width=\"300\" height=\"237\" srcset=\"https:\/\/novalmendro.com\/wp-content\/uploads\/20_2.png 249w, https:\/\/novalmendro.com\/wp-content\/uploads\/20_2-55x43.png 55w, https:\/\/novalmendro.com\/wp-content\/uploads\/20_2-239x189.png 239w\" sizes=\"auto, (max-width: 300px) 100vw, 300px\" \/><\/p>\n<\/li><!-- --><\/ul><\/p>\n<\/div>\n<\/div>\n<div id=\"g1-divider-1\" class=\"g1-divider g1-divider--none g1-divider--noicon \"><\/div>\n<span id=\"g1-space-3\" class=\"g1-space \" style=\"margin-top:-15px;\"><\/span>\n<table border=\"0\" width=\"100%\">\n<tbody>\n<tr>\n<td width=\"128\"><a href=\"http:\/\/novalmendro.com\/fr\/amandier\/varietes-damandier\/lauranne-avijor\/\"><img loading=\"lazy\" decoding=\"async\" class=\"aligncenter wp-image-7838\" src=\"https:\/\/novalmendro.com\/wp-content\/uploads\/\/VariedadesAlmendro_Laurane-150x150.jpg\" alt=\"VariedadesAlmendro_Avijor\" width=\"125\" height=\"125\" srcset=\"https:\/\/novalmendro.com\/wp-content\/uploads\/VariedadesAlmendro_Laurane-150x150.jpg 150w, https:\/\/novalmendro.com\/wp-content\/uploads\/VariedadesAlmendro_Laurane-55x55.jpg 55w, https:\/\/novalmendro.com\/wp-content\/uploads\/VariedadesAlmendro_Laurane-239x239.jpg 239w, https:\/\/novalmendro.com\/wp-content\/uploads\/VariedadesAlmendro_Laurane.jpg 256w\" sizes=\"auto, (max-width: 125px) 100vw, 125px\" \/><\/a><\/td>\n<td width=\"128\"><a href=\"http:\/\/novalmendro.com\/fr\/amandier\/varietes-damandier\/soleta\/\"><img loading=\"lazy\" decoding=\"async\" class=\"aligncenter wp-image-7832\" src=\"https:\/\/novalmendro.com\/wp-content\/uploads\/\/VariedadesAlmendro_Soleta-150x150.jpg\" alt=\"VariedadesAlmendro_Soleta\" width=\"125\" height=\"120\" srcset=\"https:\/\/novalmendro.com\/wp-content\/uploads\/VariedadesAlmendro_Soleta-55x53.jpg 55w, https:\/\/novalmendro.com\/wp-content\/uploads\/VariedadesAlmendro_Soleta-239x230.jpg 239w, https:\/\/novalmendro.com\/wp-content\/uploads\/VariedadesAlmendro_Soleta.jpg 266w\" sizes=\"auto, (max-width: 125px) 100vw, 125px\" \/><\/a><\/td>\n<td width=\"128\"><a href=\"http:\/\/novalmendro.com\/fr\/amandier\/varietes-damandier\/guara\/\"><img loading=\"lazy\" decoding=\"async\" class=\"aligncenter wp-image-7836\" src=\"https:\/\/novalmendro.com\/wp-content\/uploads\/\/VariedadesAlmendro_Guara-150x150.jpg\" alt=\"VariedadesAlmendro_Guara\" width=\"125\" height=\"122\" srcset=\"https:\/\/novalmendro.com\/wp-content\/uploads\/VariedadesAlmendro_Guara-55x55.jpg 55w, https:\/\/novalmendro.com\/wp-content\/uploads\/VariedadesAlmendro_Guara-239x233.jpg 239w, https:\/\/novalmendro.com\/wp-content\/uploads\/VariedadesAlmendro_Guara.jpg 263w\" sizes=\"auto, (max-width: 125px) 100vw, 125px\" \/><\/a><\/td>\n<td width=\"128\"><a href=\"http:\/\/novalmendro.com\/fr\/amandier\/varietes-damandier\/belona\/\"><img loading=\"lazy\" decoding=\"async\" class=\"aligncenter wp-image-7834\" src=\"https:\/\/novalmendro.com\/wp-content\/uploads\/\/VariedadesAlmendro_Belona-150x150.jpg\" alt=\"VariedadesAlmendro_Belona\" width=\"125\" height=\"122\" srcset=\"https:\/\/novalmendro.com\/wp-content\/uploads\/VariedadesAlmendro_Belona-55x55.jpg 55w, https:\/\/novalmendro.com\/wp-content\/uploads\/VariedadesAlmendro_Belona-239x234.jpg 239w, https:\/\/novalmendro.com\/wp-content\/uploads\/VariedadesAlmendro_Belona.jpg 262w\" sizes=\"auto, (max-width: 125px) 100vw, 125px\" \/><\/a><\/td>\n<\/tr>\n<tr>\n<td style=\"text-align: center;\" width=\"128\"><strong><a title=\"Avijor - Todolivo\" href=\"http:\/\/novalmendro.com\/fr\/amandier\/varietes-damandier\/lauranne-avijor\/\">Avijor<\/a><\/strong><\/td>\n<td style=\"text-align: center;\" width=\"128\"><strong><a title=\"Soleta\u00ae - Todolivo\" href=\"http:\/\/novalmendro.com\/fr\/amandier\/varietes-damandier\/soleta\/\"><strong>Soleta\u00ae<\/strong><\/a><\/strong><\/td>\n<td style=\"text-align: center;\" width=\"128\"><span style=\"color: #ffffff;\"><strong><span style=\"background-color: #000000;\"><a style=\"color: #ffffff;\" title=\"Guara\u00ae - Todolivo\" href=\"http:\/\/novalmendro.com\/fr\/amandier\/varietes-damandier\/guara\/\">Guara\u00ae<\/a><\/span><\/strong><\/span><\/td>\n<td style=\"text-align: center;\" width=\"128\"><strong><a title=\"Belona\u00ae - Todolivo\" href=\"http:\/\/novalmendro.com\/fr\/amandier\/varietes-damandier\/belona\/\">Belona\u00ae<\/a><\/strong><\/td>\n<\/tr>\n<\/tbody>\n<\/table>\n<div id=\"g1-divider-2\" class=\"g1-divider g1-divider--none g1-divider--noicon \"><\/div>\n","protected":false},"excerpt":{"rendered":"<p>Guara\u00ae (Obtenu par le CITA d&rsquo;Aragon) C\u2019est une vari\u00e9t\u00e9 tr\u00e8s pr\u00e9matur\u00e9e, auto-fertile, de floraison tardive, maturation pr\u00e9coce et productivit\u00e9 haute-tr\u00e8s haute. Facile de tailler et former. Tr\u00e8s rustique et tr\u00e8s peu bisannuelle. R\u00e9sistance moyenne aux gel\u00e9es. Sensible \u00e0 la maladie de la \u00ab Tache Rouge \u00bb. Avijor Soleta\u00ae Guara\u00ae Belona\u00ae<\/p>\n","protected":false},"author":1,"featured_media":0,"parent":4086,"menu_order":0,"comment_status":"closed","ping_status":"closed","template":"","meta":{"footnotes":""},"class_list":["post-4112","page","type-page","status-publish"],"_links":{"self":[{"href":"https:\/\/novalmendro.com\/fr\/wp-json\/wp\/v2\/pages\/4112","targetHints":{"allow":["GET"]}}],"collection":[{"href":"https:\/\/novalmendro.com\/fr\/wp-json\/wp\/v2\/pages"}],"about":[{"href":"https:\/\/novalmendro.com\/fr\/wp-json\/wp\/v2\/types\/page"}],"author":[{"embeddable":true,"href":"https:\/\/novalmendro.com\/fr\/wp-json\/wp\/v2\/users\/1"}],"replies":[{"embeddable":true,"href":"https:\/\/novalmendro.com\/fr\/wp-json\/wp\/v2\/comments?post=4112"}],"version-history":[{"count":6,"href":"https:\/\/novalmendro.com\/fr\/wp-json\/wp\/v2\/pages\/4112\/revisions"}],"predecessor-version":[{"id":12994,"href":"https:\/\/novalmendro.com\/fr\/wp-json\/wp\/v2\/pages\/4112\/revisions\/12994"}],"up":[{"embeddable":true,"href":"https:\/\/novalmendro.com\/fr\/wp-json\/wp\/v2\/pages\/4086"}],"wp:attachment":[{"href":"https:\/\/novalmendro.com\/fr\/wp-json\/wp\/v2\/media?parent=4112"}],"curies":[{"name":"wp","href":"https:\/\/api.w.org\/{rel}","templated":true}]}}

<h2><img loading="lazy" decoding="async" class="circleimage alignleft wp-image-7892" style="margin-left: 15px; margin-right: 15px;" src="https://novalmendro.com/wp-content/uploads/20_11.jpg" alt="20_11" width="210" height="209" srcset="https://novalmendro.com/wp-content/uploads/20_11.jpg 175w, https://novalmendro.com/wp-content/uploads/20_11-150x150.jpg 150w, https://novalmendro.com/wp-content/uploads/20_11-55x55.jpg 55w" sizes="auto, (max-width: 210px) 100vw, 210px" />Guara® (Obtenu par le CITA d&rsquo;Aragon)</h2>
<p>C’est une variété très prématurée, auto-fertile, de floraison tardive, maturation précoce et productivité haute-très haute. Facile de tailler et former. Très rustique et très peu bisannuelle. Résistance moyenne aux gelées. Sensible à la maladie de la « Tache Rouge ».</p>
<span id="g1-space-1" class="g1-space " style="height:60px;"></span>
<div id="g1-tabs-1" class="g1-tabs g1-tabs--simple g1-type--click g1-tabs--horizontal g1-tabs--top g1-align-left ">
<div id="tab-title-counter-1" class="g1-tab-title ">
<p>Fiche technique</p>
</div>
<div id="tab-content-counter-1" class="g1-tab-content ">
<h3>Caractéristiques principales</h3>
<ul class="g1-grid"><li class="g1-column g1-two-third g1-valign-top">
<table style="padding-left: 60px;" border="0" width="100%">
<tbody style="padding-left: 60px;">
<tr style="padding-left: 60px;">
<td style="padding-left: 60px;" width="19%">Vigueur:</td>
<td style="padding-left: 60px;" width="81%">Moyenne</td>
</tr>
<tr style="padding-left: 60px;">
<td style="padding-left: 60px;">Port:</td>
<td style="padding-left: 60px;">Très ouvert</td>
</tr>
<tr style="padding-left: 60px;">
<td style="padding-left: 60px;">Ramification:</td>
<td style="padding-left: 60px;">Moyenne faible</td>
</tr>
<tr style="padding-left: 60px;">
<td style="padding-left: 60px;">Floraison:</td>
<td style="padding-left: 60px;">Tardive</td>
</tr>
<tr style="padding-left: 60px;">
<td style="padding-left: 60px;">Maturation:</td>
<td style="padding-left: 60px;">Précoce (début, mi-aout)</td>
</tr>
<tr style="padding-left: 60px;">
<td style="padding-left: 60px;">Coque:</td>
<td style="padding-left: 60px;">Dure</td>
</tr>
<tr style="padding-left: 60px;">
<td style="padding-left: 60px;">Rendement:</td>
<td style="padding-left: 60px;">30-34%</td>
</tr>
<tr style="padding-left: 60px;">
<td style="padding-left: 60px;">Production:</td>
<td style="padding-left: 60px;">Haute-Très haute</td>
</tr>
<tr style="padding-left: 60px;">
<td style="padding-left: 60px;">Fructification:</td>
<td style="padding-left: 60px;">Localisée sur le bouton floral, en « Bouquets de Mai », et rameaux anticipés</td>
</tr>
<tr style="padding-left: 60px;">
<td style="padding-left: 60px;">Tolérance:</td>
<td style="padding-left: 60px;">moyenne au froid</td>
</tr>
<tr style="padding-left: 60px;">
<td style="padding-left: 60px;">Susceptibilité:</td>
<td style="padding-left: 60px;">Sensible à Tache Rouge et Fusicoccum</td>
</tr>
</tbody>
</table>
</li><!-- --><li class="g1-column g1-one-third g1-valign-top">
<p><img loading="lazy" decoding="async" class="estilo-imagen alignleft wp-image-7895" style="margin-left: 15px; margin-right: 15px;" src="https://novalmendro.com/wp-content/uploads/20_12.jpg" alt="20_12" width="188" height="250" srcset="https://novalmendro.com/wp-content/uploads/20_12.jpg 87w, https://novalmendro.com/wp-content/uploads/20_12-55x73.jpg 55w" sizes="auto, (max-width: 188px) 100vw, 188px" /><br />
</li><!-- --></ul></p>
</div>
<div id="tab-title-counter-2" class="g1-tab-title ">
<p>Fruit</p>
</div>
<div id="tab-content-counter-2" class="g1-tab-content ">
<h3>Caractéristiques du fruit</h3>
<p><ul class="g1-grid"><li class="g1-column g1-one-half g1-valign-top"><span id="g1-space-2" class="g1-space " style="height:20px;"></span></p>
<table style="padding-left: 60px;" border="0" width="100%">
<tbody style="padding-left: 60px;">
<tr style="padding-left: 60px;">
<td style="padding-left: 60px;" width="50%">Forme:</td>
<td style="padding-left: 60px;" width="50%">amygdale-cœur</td>
</tr>
<tr style="padding-left: 60px;">
<td style="padding-left: 60px;">Taille:</td>
<td style="padding-left: 60px;">moyen à petit</td>
</tr>
<tr style="padding-left: 60px;">
<td style="padding-left: 60px;">Poids moyen du fruit:</td>
<td style="padding-left: 60px;">1,00 g</td>
</tr>
<tr style="padding-left: 60px;">
<td style="padding-left: 60px;">Graines doubles:</td>
<td style="padding-left: 60px;">10-20%</td>
</tr>
<tr style="padding-left: 60px;">
<td style="padding-left: 60px;">Saveur:</td>
<td style="padding-left: 60px;">agréable</td>
</tr>
</tbody>
</table>
</li><!-- --><li class="g1-column g1-one-half g1-valign-top">
<p><img loading="lazy" decoding="async" class="estilo-imagen alignleft wp-image-3880" style="margin-left: 15px; margin-right: 15px;" src="https://novalmendro.com/wp-content/uploads/20_2.png" alt="20_2" width="300" height="237" srcset="https://novalmendro.com/wp-content/uploads/20_2.png 249w, https://novalmendro.com/wp-content/uploads/20_2-55x43.png 55w, https://novalmendro.com/wp-content/uploads/20_2-239x189.png 239w" sizes="auto, (max-width: 300px) 100vw, 300px" /></p>
</li><!-- --></ul></p>
</div>
</div>
<div id="g1-divider-1" class="g1-divider g1-divider--none g1-divider--noicon "></div>
<span id="g1-space-3" class="g1-space " style="margin-top:-15px;"></span>
<table border="0" width="100%">
<tbody>
<tr>
<td width="128"><a href="http://novalmendro.com/fr/amandier/varietes-damandier/lauranne-avijor/"><img loading="lazy" decoding="async" class="aligncenter wp-image-7838" src="https://novalmendro.com/wp-content/uploads//VariedadesAlmendro_Laurane-150x150.jpg" alt="VariedadesAlmendro_Avijor" width="125" height="125" srcset="https://novalmendro.com/wp-content/uploads/VariedadesAlmendro_Laurane-150x150.jpg 150w, https://novalmendro.com/wp-content/uploads/VariedadesAlmendro_Laurane-55x55.jpg 55w, https://novalmendro.com/wp-content/uploads/VariedadesAlmendro_Laurane-239x239.jpg 239w, https://novalmendro.com/wp-content/uploads/VariedadesAlmendro_Laurane.jpg 256w" sizes="auto, (max-width: 125px) 100vw, 125px" /></a></td>
<td width="128"><a href="http://novalmendro.com/fr/amandier/varietes-damandier/soleta/"><img loading="lazy" decoding="async" class="aligncenter wp-image-7832" src="https://novalmendro.com/wp-content/uploads//VariedadesAlmendro_Soleta-150x150.jpg" alt="VariedadesAlmendro_Soleta" width="125" height="120" srcset="https://novalmendro.com/wp-content/uploads/VariedadesAlmendro_Soleta-55x53.jpg 55w, https://novalmendro.com/wp-content/uploads/VariedadesAlmendro_Soleta-239x230.jpg 239w, https://novalmendro.com/wp-content/uploads/VariedadesAlmendro_Soleta.jpg 266w" sizes="auto, (max-width: 125px) 100vw, 125px" /></a></td>
<td width="128"><a href="http://novalmendro.com/fr/amandier/varietes-damandier/guara/"><img loading="lazy" decoding="async" class="aligncenter wp-image-7836" src="https://novalmendro.com/wp-content/uploads//VariedadesAlmendro_Guara-150x150.jpg" alt="VariedadesAlmendro_Guara" width="125" height="122" srcset="https://novalmendro.com/wp-content/uploads/VariedadesAlmendro_Guara-55x55.jpg 55w, https://novalmendro.com/wp-content/uploads/VariedadesAlmendro_Guara-239x233.jpg 239w, https://novalmendro.com/wp-content/uploads/VariedadesAlmendro_Guara.jpg 263w" sizes="auto, (max-width: 125px) 100vw, 125px" /></a></td>
<td width="128"><a href="http://novalmendro.com/fr/amandier/varietes-damandier/belona/"><img loading="lazy" decoding="async" class="aligncenter wp-image-7834" src="https://novalmendro.com/wp-content/uploads//VariedadesAlmendro_Belona-150x150.jpg" alt="VariedadesAlmendro_Belona" width="125" height="122" srcset="https://novalmendro.com/wp-content/uploads/VariedadesAlmendro_Belona-55x55.jpg 55w, https://novalmendro.com/wp-content/uploads/VariedadesAlmendro_Belona-239x234.jpg 239w, https://novalmendro.com/wp-content/uploads/VariedadesAlmendro_Belona.jpg 262w" sizes="auto, (max-width: 125px) 100vw, 125px" /></a></td>
</tr>
<tr>
<td style="text-align: center;" width="128"><strong><a title="Avijor - Todolivo" href="http://novalmendro.com/fr/amandier/varietes-damandier/lauranne-avijor/">Avijor</a></strong></td>
<td style="text-align: center;" width="128"><strong><a title="Soleta® - Todolivo" href="http://novalmendro.com/fr/amandier/varietes-damandier/soleta/"><strong>Soleta®</strong></a></strong></td>
<td style="text-align: center;" width="128"><span style="color: #ffffff;"><strong><span style="background-color: #000000;"><a style="color: #ffffff;" title="Guara® - Todolivo" href="http://novalmendro.com/fr/amandier/varietes-damandier/guara/">Guara®</a></span></strong></span></td>
<td style="text-align: center;" width="128"><strong><a title="Belona® - Todolivo" href="http://novalmendro.com/fr/amandier/varietes-damandier/belona/">Belona®</a></strong></td>
</tr>
</tbody>
</table>
<div id="g1-divider-2" class="g1-divider g1-divider--none g1-divider--noicon "></div>

<p>Guara® (Obtenu par le CITA d&rsquo;Aragon) C’est une variété très prématurée, auto-fertile, de floraison tardive, maturation précoce et productivité haute-très haute. Facile de tailler et former. Très rustique et très peu bisannuelle. Résistance moyenne aux gelées. Sensible à la maladie de la « Tache Rouge ». Avijor Soleta® Guara® Belona®</p>
