{"id":9153,"date":"2015-07-31T09:28:00","date_gmt":"2015-07-31T08:28:00","guid":{"rendered":"http:\/\/novalmendro.com\/pt-pt\/?page_id=9153"},"modified":"2015-08-11T12:09:53","modified_gmt":"2015-08-11T11:09:53","slug":"setor-do-amendoal","status":"publish","type":"page","link":"https:\/\/novalmendro.com\/pt-pt\/amendoal\/setor-do-amendoal\/","title":{"rendered":"Setor do Amendoal"},"content":{"rendered":"<h2 style=\"text-align: left;\">Principais produtores<\/h2>\n<p><img loading=\"lazy\" decoding=\"async\" class=\"alignright wp-image-11641 size-full\" style=\"margin: 15px -12px 15px 15px;\" src=\"http:\/\/novalmendro.com\/wp-content\/uploads\/almendro_tierra_pt.jpg\" alt=\"almendro_tierra_pt\" width=\"500\" height=\"508\" srcset=\"https:\/\/novalmendro.com\/wp-content\/uploads\/almendro_tierra_pt.jpg 500w, https:\/\/novalmendro.com\/wp-content\/uploads\/almendro_tierra_pt-295x300.jpg 295w, https:\/\/novalmendro.com\/wp-content\/uploads\/almendro_tierra_pt-320x325.jpg 320w, https:\/\/novalmendro.com\/wp-content\/uploads\/almendro_tierra_pt-239x243.jpg 239w, https:\/\/novalmendro.com\/wp-content\/uploads\/almendro_tierra_pt-55x55.jpg 55w\" sizes=\"auto, (max-width: 500px) 100vw, 500px\" \/><\/p>\n<p>&nbsp;<\/p>\n<p><strong>EUA<br \/>\n<\/strong>S\u00e3o o principal produtor mundial de am\u00eandoas (Calif\u00f3rnia e Fl\u00f3rida), com uma superf\u00edcie plantada de 350.000 ha e uma produ\u00e7\u00e3o m\u00e9dia anual da ordem das 850.000 e 900.000 toneladas.<\/p>\n<p>Det\u00eam 80% da quota de mercado. Do total de produ\u00e7\u00e3o, cerca de 70% destinam-se ao mercado externo e 30% ao consumo dom\u00e9stico.<\/p>\n<p><strong>AUSTR\u00c1LIA<\/strong><br \/>\n\u00c9 o segundo maior produtor mundial, com uma superf\u00edcie plantada de 30.000 ha e uma produ\u00e7\u00e3o de cerca de 70.000 toneladas. 90% das planta\u00e7\u00f5es s\u00e3o de regadio. Para 2015 e 2016 espera-se que a produ\u00e7\u00e3o atinja as 90.000 toneladas.<\/p>\n<p><strong>ESPANHA<\/strong><br \/>\n\u00c9 o terceiro maior produtor, com uma superf\u00edcie plantada de cerca de 400.000 ha e uma produ\u00e7\u00e3o m\u00e9dia de 40.000 toneladas. Muito embora o setor esteja em fase de reestrutura\u00e7\u00e3o, ainda predominam as culturas tradicionais de sequeiro (93%), marginais e pouco produtivas, com uma m\u00e9dia de 125 kg\/ha.<\/p>\n<p>&nbsp;<\/p>\n<h3>Os EUA produzem quase 22 vezes mais am\u00eandoas do que Espanha com menos superf\u00edcie plantada<\/h3>\n<h3>As novas planta\u00e7\u00f5es de amendoeiras em sebe s\u00e3o uma excelente oportunidade para modernizar o setor.<\/h3>\n","protected":false},"excerpt":{"rendered":"<p>Principais produtores &nbsp; EUA S\u00e3o o principal produtor mundial de am\u00eandoas (Calif\u00f3rnia e Fl\u00f3rida), com uma superf\u00edcie plantada de 350.000 ha e uma produ\u00e7\u00e3o m\u00e9dia anual da ordem das 850.000 e 900.000 toneladas. Det\u00eam 80% da quota de mercado. Do total de produ\u00e7\u00e3o, cerca de 70% destinam-se ao mercado externo e 30% ao consumo dom\u00e9stico. [&hellip;]<\/p>\n","protected":false},"author":1,"featured_media":0,"parent":9132,"menu_order":0,"comment_status":"closed","ping_status":"closed","template":"","meta":{"footnotes":""},"class_list":["post-9153","page","type-page","status-publish"],"_links":{"self":[{"href":"https:\/\/novalmendro.com\/pt-pt\/wp-json\/wp\/v2\/pages\/9153","targetHints":{"allow":["GET"]}}],"collection":[{"href":"https:\/\/novalmendro.com\/pt-pt\/wp-json\/wp\/v2\/pages"}],"about":[{"href":"https:\/\/novalmendro.com\/pt-pt\/wp-json\/wp\/v2\/types\/page"}],"author":[{"embeddable":true,"href":"https:\/\/novalmendro.com\/pt-pt\/wp-json\/wp\/v2\/users\/1"}],"replies":[{"embeddable":true,"href":"https:\/\/novalmendro.com\/pt-pt\/wp-json\/wp\/v2\/comments?post=9153"}],"version-history":[{"count":2,"href":"https:\/\/novalmendro.com\/pt-pt\/wp-json\/wp\/v2\/pages\/9153\/revisions"}],"predecessor-version":[{"id":11642,"href":"https:\/\/novalmendro.com\/pt-pt\/wp-json\/wp\/v2\/pages\/9153\/revisions\/11642"}],"up":[{"embeddable":true,"href":"https:\/\/novalmendro.com\/pt-pt\/wp-json\/wp\/v2\/pages\/9132"}],"wp:attachment":[{"href":"https:\/\/novalmendro.com\/pt-pt\/wp-json\/wp\/v2\/media?parent=9153"}],"curies":[{"name":"wp","href":"https:\/\/api.w.org\/{rel}","templated":true}]}}

<h2 style="text-align: left;">Principais produtores</h2>
<p><img loading="lazy" decoding="async" class="alignright wp-image-11641 size-full" style="margin: 15px -12px 15px 15px;" src="http://novalmendro.com/wp-content/uploads/almendro_tierra_pt.jpg" alt="almendro_tierra_pt" width="500" height="508" srcset="https://novalmendro.com/wp-content/uploads/almendro_tierra_pt.jpg 500w, https://novalmendro.com/wp-content/uploads/almendro_tierra_pt-295x300.jpg 295w, https://novalmendro.com/wp-content/uploads/almendro_tierra_pt-320x325.jpg 320w, https://novalmendro.com/wp-content/uploads/almendro_tierra_pt-239x243.jpg 239w, https://novalmendro.com/wp-content/uploads/almendro_tierra_pt-55x55.jpg 55w" sizes="auto, (max-width: 500px) 100vw, 500px" /></p>
<p>&nbsp;</p>
<p><strong>EUA<br />
</strong>São o principal produtor mundial de amêndoas (Califórnia e Flórida), com uma superfície plantada de 350.000 ha e uma produção média anual da ordem das 850.000 e 900.000 toneladas.</p>
<p>Detêm 80% da quota de mercado. Do total de produção, cerca de 70% destinam-se ao mercado externo e 30% ao consumo doméstico.</p>
<p><strong>AUSTRÁLIA</strong><br />
É o segundo maior produtor mundial, com uma superfície plantada de 30.000 ha e uma produção de cerca de 70.000 toneladas. 90% das plantações são de regadio. Para 2015 e 2016 espera-se que a produção atinja as 90.000 toneladas.</p>
<p><strong>ESPANHA</strong><br />
É o terceiro maior produtor, com uma superfície plantada de cerca de 400.000 ha e uma produção média de 40.000 toneladas. Muito embora o setor esteja em fase de reestruturação, ainda predominam as culturas tradicionais de sequeiro (93%), marginais e pouco produtivas, com uma média de 125 kg/ha.</p>
<p>&nbsp;</p>
<h3>Os EUA produzem quase 22 vezes mais amêndoas do que Espanha com menos superfície plantada</h3>
<h3>As novas plantações de amendoeiras em sebe são uma excelente oportunidade para modernizar o setor.</h3>

<p>Principais produtores &nbsp; EUA São o principal produtor mundial de amêndoas (Califórnia e Flórida), com uma superfície plantada de 350.000 ha e uma produção média anual da ordem das 850.000 e 900.000 toneladas. Detêm 80% da quota de mercado. Do total de produção, cerca de 70% destinam-se ao mercado externo e 30% ao consumo doméstico. [&hellip;]</p>
